f 149822.
2, 23, 3257
List the prime factors of 799.
17, 47
What are the prime factors of 1184?
2, 37
What are the prime factors of 34088?
2, 4261
List the prime factors of 788.
2, 197
What are the prime factors of 23440?
2, 5, 293
What are the prime factors of 20664?
2, 3, 7, 41
What are the prime factors of 4482?
2, 3, 83
What are the prime factors of 13902?
2, 3, 7, 331
List the prime factors of 4399.
53, 83
List the prime factors of 2159.
17, 127
List the prime factors of 39450.
2, 3, 5, 263
What are the prime factors of 15030?
2, 3, 5, 167
What are the prime factors of 16455?
3, 5, 1097
List the prime factors of 94677.
3, 11, 19, 151
List the prime factors of 29240.
2, 5, 17, 43
What are the prime factors of 3573?
3, 397
List the prime factors of 28873.
13, 2221
What are the prime factors of 1176?
2, 3, 7
List the prime factors of 486.
2, 3
What are the prime factors of 2598?
2, 3, 433
What are the prime factors of 7346?
2, 3673
List the prime factors of 591.
3, 197
List the prime factors of 1373.
1373
List the prime factors of 90.
2, 3, 5
What are the prime factors of 10554?
2, 3, 1759
What are the prime factors of 390?
2, 3, 5, 13
What are the prime factors of 5593?
7, 17, 47
What are the prime factors of 3580?
2, 5, 179
List the prime factors of 576.
2, 3
List the prime factors of 938.
2, 7, 67
List the prime factors of 1177.
11, 107
What are the prime factors of 469?
7, 67
List the prime factors of 13174.
2, 7, 941
What are the prime factors of 1464?
2, 3, 61
What are the prime factors of 120?
2, 3, 5
What are the prime factors of 16224?
2, 3, 13
What are the prime factors of 2541?
3, 7, 11
List the prime factors of 125154.
2, 3, 17, 409
What are the prime factors of 2538?
2, 3, 47
What are the prime factors of 2020?
2, 5, 101
List the prime factors of 20288.
2, 317
List the prime factors of 3151.
23, 137
What are the prime factors of 701?
701
List the prime factors of 382.
2, 191
List the prime factors of 902.
2, 11, 41
List the prime factors of 29415.
3, 5, 37, 53
What are the prime factors of 57992?
2, 11, 659
List the prime factors of 74997.
3, 13, 641
List the prime factors of 22026.
2, 3, 3671
List the prime factors of 1827.
3, 7, 29
List the prime factors of 385.
5, 7, 11
What are the prime factors of 146148?
2, 3, 19, 641
List the prime factors of 8985.
3, 5, 599
List the prime factors of 4703.
4703
What are the prime factors of 582?
2, 3, 97
What are the prime factors of 151928?
2, 7, 2713
What are the prime factors of 13985?
5, 2797
What are the prime factors of 242?
2, 11
List the prime factors of 36451.
36451
List the prime factors of 2738.
2, 37
What are the prime factors of 8830?
2, 5, 883
List the prime factors of 3167.
3167
What are the prime factors of 39346?
2, 103, 191
List the prime factors of 450.
2, 3, 5
List the prime factors of 34734.
2, 3, 7, 827
List the prime factors of 5710.
2, 5, 571
List the prime factors of 29230.
2, 5, 37, 79
List the prime factors of 53236.
2, 13309
What are the prime factors of 62743?
62743
List the prime factors of 21134.
2, 10567
List the prime factors of 3684.
2, 3, 307
List the prime factors of 65.
5, 13
List the prime factors of 1578.
2, 3, 263
List the prime factors of 1530.
2, 3, 5, 17
List the prime factors of 574.
2, 7, 41
What are the prime factors of 6172?
2, 1543
What are the prime factors of 111909?
3, 7, 73
What are the prime factors of 1514?
2, 757
List the prime factors of 27.
3
What are the prime factors of 4230?
2, 3, 5, 47
What are the prime factors of 1823?
1823
What are the prime factors of 85919?
151, 569
List the prime factors of 2432.
2, 19
List the prime factors of 1542.
2, 3, 257
List the prime factors of 61397.
7, 179
What are the prime factors of 5285?
5, 7, 151
List the prime factors of 24289.
107, 227
What are the prime factors of 613?
613
List the prime factors of 2403.
3, 89
What are the prime factors of 4376?
2, 547
What are the prime factors of 31247?
31247
What are the prime factors of 829?
829
List the prime factors of 133.
7, 19
List the prime factors of 2912.
2, 7, 13
What are the prime factors of 912?
2, 3, 19
List the prime factors of 893.
19, 47
List the prime factors of 638.
2, 11, 29
List the prime factors of 641.
641
What are the prime factors of 75051?
3, 31, 269
List the prime factors of 1585.
5, 317
What are the prime factors of 38?
2, 19
What are the prime factors of 1455?
3, 5, 97
What are the prime factors of 1125?
3, 5
What are the prime factors of 17742?
2, 3, 2957
List the prime factors of 13533.
3, 13, 347
What are the prime factors of 14038?
2, 7019
List the prime factors of 128147.
128147
What are the prime factors of 89?
89
What are the prime factors of 299?
13, 23
List the prime factors of 18785.
5, 13, 17
What are the prime factors of 43005?
3, 5, 47, 61
List the prime factors of 2248.
2, 281
List the prime factors of 22552.
2, 2819
List the prime factors of 2059.
29, 71
List the prime factors of 13875.
3, 5, 37
List the prime factors of 637.
7, 13
What are the prime factors of 18292?
2, 17, 269
What are the prime factors of 22388?
2, 29, 193
What are the prime factors of 1300?
2, 5, 13
What are the prime factors of 4995?
3, 5, 37
What are the prime factors of 220?
2, 5, 11
List the prime factors of 1412.
2, 353
What are the prime factors of 83?
83
What are the prime factors of 128391?
3, 42797
What are the prime factors of 109975?
5, 53, 83
List the prime factors of 1378.
2, 13, 53
List the prime factors of 11478.
2, 3, 1913
What are the prime factors of 15453?
3, 17, 101
What are the prime factors of 20652?
2, 3, 1721
What are the prime factors of 1067?
11, 97
What are the prime factors of 6492?
2, 3, 541
What are the prime factors of 2250?
2, 3, 5
List the prime factors of 303.
3, 101
What are the prime factors of 669?
3, 223
List the prime factors of 569.
569
List the prime factors of 1039.
1039
What are the prime factors of 1941?
3, 647
What are the prime factors of 1252?
2, 313
What are the prime factors of 33958?
2, 16979
What are the prime factors of 899?
29, 31
List the prime factors of 91407.
3, 30469
List the prime factors of 9792.
2, 3, 17
List the prime factors of 24594.
2, 3, 4099
List the prime factors of 15508.
2, 3877
What are the prime factors of 2362?
2, 1181
List the prime factors of 35113.
13, 37, 73
List the prime factors of 32819.
37, 887
List the prime factors of 1510.
2, 5, 151
List the prime factors of 560.
2, 5, 7
List the prime factors of 57566.
2, 107, 269
What are the prime factors of 3048?
2, 3, 127
List the prime factors of 19654.
2, 31, 317
List the prime factors of 10946.
2, 13, 421
What are the prime factors of 6214?
2, 13, 239
List the prime factors of 1004.
2, 251
List the prime factors of 45776.
2, 2861
List the prime factors of 4658.
2, 17, 137
List the prime factors of 32370.
2, 3, 5, 13, 83
What are the prime factors of 1558?
2, 19, 41
What are the prime factors of 10607?
10607
List the prime factors of 53708.
2, 29, 463
List the prime factors of 45683.
11, 4153
What are the prime factors of 429?
3, 11, 13
List the prime factors of 20580.
2, 3, 5, 7
List the prime factors of 15427.
15427
What are the prime factors of 880?
2, 5, 11
List the prime factors of 1211.
7, 173
List the prime factors of 38260.
2, 5, 1913
What are the prime factors of 24603?
3, 59, 139
List the prime factors of 11521.
41, 281
List the prime factors of 2028.
2, 3, 13
List the prime factors of 19500.
2, 3, 5, 13
What are the prime factors of 48280?
2, 5, 17, 71
What are the prime factors of 1378?
2, 13, 53
List the prime factors of 64093.
107, 599
What are the prime factors of 1624?
2, 7, 29
List the prime factors of 617.
617
List the prime factors of 37686.
2, 3, 11, 571
List the prime factors of 56145.
3, 5, 19, 197
List the prime factors of 56925.
3, 5, 11, 23
List the prime factors of 706.
2, 353
What are the prime factors of 11549?
11549
What are the prime factors of 2489?
19, 131
List the prime factors of 982.
2, 491
List the prime factors of 1170.
2, 3, 5, 13
List the prime factors of 9663.
3, 3221
What are the prime factors of 7094?
2, 3547
List the prime factors of 20886.
2, 3, 59
What are the prime factors of 959?
7, 137
What are the prime factors of 3298?
2, 17, 97
List the prime factors of 1176.
2,